 multiple of 75?
True
Is 163 a factor of 29014?
True
Does 75 divide 107173?
False
Is 8 a factor of 15423?
False
Does 42 divide 6660357?
False
Does 130 divide 303498?
False
Is 4482570 a multiple of 261?
False
Does 215 divide 256605?
False
Is 524541 a multiple of 153?
False
Is 373 a factor of 117495?
True
Is 400860 a multiple of 306?
True
Is 29060 a multiple of 2?
True
Is 122 a factor of 467382?
True
Is 53 a factor of 73564?
True
Does 22 divide 676940?
True
Is 226 a factor of 338169?
False
Does 2 divide 49228?
True
Is 230479 a multiple of 163?
False
Is 24 a factor of 10881?
False
Is 23 a factor of 2173783?
False
Does 1694 divide 20048490?
True
Does 2 divide 59359?
False
Is 452726 a multiple of 53?
True
Is 149178 a multiple of 23?
True
Is 31 a factor of 1924468?
False
Is 3393540 a multiple of 68?
True
Does 105 divide 1521345?
True
Is 513 a factor of 101574?
True
Is 51 a factor of 1189041?
False
Does 5 divide 4570932?
False
Is 296 a factor of 74592?
True
Is 7 a factor of 56987?
True
Is 1413225 a multiple of 670?
False
Is 5951408 a multiple of 38?
True
Is 2911788 a multiple of 66?
True
Is 1153572 a multiple of 217?
True
Does 12 divide 353452?
False
Does 486 divide 331452?
True
Is 1094868 a multiple of 64?
False
Does 329 divide 13448?
False
Is 130 a factor of 19662335?
False
Does 38 divide 582621?
False
Is 101007 a multiple of 87?
True
Is 9473027 a multiple of 1111?
False
Does 272 divide 245827?
False
Does 140 divide 339463?
False
Is 331199 a multiple of 36?
False
Does 48 divide 2914656?
True
Is 99 a factor of 446749?
False
Is 237336 a multiple of 93?
True
Does 137 divide 52882?
True
Is 2617593 a multiple of 97?
False
Is 6259 a multiple of 3?
False
Is 882709 a multiple of 206?
False
Does 196 divide 5112268?
True
Is 162 a factor of 3094362?
True
Does 70 divide 49420?
True
Does 1427 divide 9842973?
False
Is 16 a factor of 148919?
False
Is 105 a factor of 540120?
True
Is 559226 a multiple of 11?
False
Does 71 divide 184387?
True
Is 23 a factor of 1825649?
False
Is 412 a factor of 13612480?
True
Does 82 divide 29898266?
True
Is 25 a factor of 1630062?
False
Is 21 a factor of 832289?
False
Does 8 divide 2678448?
True
Is 40 a factor of 1107480?
True
Does 14 divide 21?
False
Is 1071272 a multiple of 17?
True
Does 10 divide 17210?
True
Is 115012 a multiple of 87?
False
Is 97 a factor of 2637915?
True
Is 2526811 a multiple of 11?
False
Is 313800 a multiple of 300?
True
Does 280 divide 16459675?
False
Is 923 a factor of 511833?
False
Does 152 divide 3131808?
True
Is 38300 a multiple of 5?
True
Is 32480326 a multiple of 827?
False
Is 1012475 a multiple of 25?
True
Does 4 divide 215368?
True
Is 5 a factor of 5805509?
False
Does 8 divide 4666288?
True
Does 3 divide 4128?
True
Is 19 a factor of 24968294?
False
Is 1652160 a multiple of 120?
True
Is 13034625 a multiple of 8?
False
Is 37 a factor of 844007?
True
Is 263 a factor of 217837?
False
Does 142 divide 823032?
True
Is 49647 a multiple of 245?
False
Does 33 divide 25003379?
False
Does 48 divide 236352?
True
Is 261 a factor of 19943793?
True
Is 1584830 a multiple of 13?
True
Is 651672 a multiple of 21?
True
Does 13 divide 951429?
False
Is 226 a factor of 974204?
False
Does 1346 divide 12564409?
False
Is 30 a factor of 656040?
True
Does 10 divide 6295460?
True
Is 1288658 a multiple of 411?
False
Is 39888 a multiple of 8?
True
Is 26 a factor of 3669834?
False
Is 320110 a multiple of 34?
True
Is 88272 a multiple of 24?
True
Is 247923 a multiple of 13?
True
Is 131 a factor of 2639707?
False
Is 36176 a multiple of 19?
True
Does 13 divide 4489186?
True
Does 91 divide 1475656?
True
Is 410110 a multiple of 54?
False
Does 243 divide 8639570?
False
Is 3073410 a multiple of 9?
True
Is 116 a factor of 13050302?
False
Is 7240368 a multiple of 136?
True
Is 301155 a multiple of 15?
True
Is 974 a factor of 473065?
False
Is 102851 a multiple of 25?
False
Does 67 divide 330310?
True
Does 24 divide 85800?
True
Is 408 a multiple of 4?
True
Is 243 a factor of 2413719?
True
Does 186 divide 50277?
False
Does 62 divide 283936?
False
Does 12 divide 1468967?
False
Is 4 a factor of 2092760?
True
Does 23 divide 143302?
False
Is 366 a factor of 166789?
False
Is 7037351 a multiple of 78?
False
Does 28 divide 4488204?
True
Is 337070 a multiple of 10?
True
Does 125 divide 508125?
True
Is 1148112 a multiple of 201?
True
Does 23 divide 93538?
False
Does 609 divide 435435?
True
Is 33033 a multiple of 56?
False
Is 81 a factor of 2543550?
False
Is 96 a factor of 2705999?
False
Is 52542 a multiple of 126?
True
Is 11201 a multiple of 77?
False
Does 340 divide 44732?
False
Is 16 a factor of 35682439?
False
Is 2352 even?
True
Does 591 divide 6101484?
True
Does 3 divide 29001?
True
Is 97845 a multiple of 55?
True
Is 10614989 a multiple of 34?
False
Does 20 divide 56472?
False
Is 590 a factor of 8632290?
True
Is 4 a factor of 243425?
False
Does 19 divide 5600174?
True
Does 6 divide 76746?
True
Is 508359 a multiple of 123?
True
Is 2232 a multiple of 36?
True
Does 52 divide 4303047?
False
Is 338614 a multiple of 30?
False
Does 47 divide 1738906?
True
Is 227 a factor of 4490182?
False
Is 30 a factor of 32998950?
True
Is 209 a factor of 1131292?
False
Does 88 divide 30598?
False
Is 18776683 a multiple of 19?
False
Is 24 a factor of 38516?
False
Does 6 divide 60462?
True
Does 36 divide 13824?
True
Is 926223 a multiple of 44?
False
Is 1213212 a multiple of 11?
True
Is 40154 a multiple of 17?
True
Does 794 divide 4767970?
True
Does 47 divide 10394180?
False
Is 366720 a multiple of 12?
True
Does 9 divide 2231026?
False
Is 7 a factor of 2143124?
False
Is 241169 a multiple of 11?
False
Is 26595 a multiple of 27?
True
Is 10 a factor of 194260?
True
Does 30 divide 633390?
True
Is 489 a factor of 558438?
True
Does 79 divide 116367?
True
Is 188266 a multiple of 169?
True
Is 14 a factor of 48692?
True
Does 58 divide 65854?
False
Is 5196 a multiple of 2?
True
Is 720766 a multiple of 174?
False
Is 46 a factor of 221214?
True
Does 23 divide 14781111?
True
Is 247474 a multiple of 12?
False
Is 144346 a multiple of 245?
False
Does 359 divide 5810050?
False
Is 20188958 a multiple of 193?
True
Does 14 divide 5342722?
True
Does 4 divide 1145788?
True
Is 19979 a multiple of 118?
False
Is 56615 a multiple of 13?
True
Does 25 divide 26675?
True
Is 18 a factor of 2435394?
False
Does 89 divide 1354313?
True
Is 38 a factor of 5779777?
False
Is 272340 a multiple of 30?
True
Is 16 a factor of 6308832?
True
Is 64 a factor of 673549?
False
Does 30 divide 120749?
False
Does 18 divide 167086?
False
Does 64 divide 1043328?
True
Is 27 a factor of 1506276?
True
Is 1209 a factor of 5186944?
False
Is 19 a factor of 1190180?
False
Is 135 a factor of 378542?
False
Is 264 a factor of 618980?
False
Does 255 divide 264726?
False
Is 80 a factor of 1538837?
False
Does 622 divide 368288?
False
Does 66 divide 114733?
False
Is 47639 even?
False
Does 33 divide 1348999?
False
Does 6 divide 20049?
False
Is 34 a factor of 85544?
True
Is 191938 a multiple of 16?
False
Does 38 divide 35816?
False
Does 242 divide 57666?
False
Is 19 a factor of 2122376?
True
Does 129 divide 229608?
False
Is 141 a factor of 3992979?
True
Is 4 a factor of 2320136?
True
Is 4516 a multiple of 4?
True
Does 139 divide 238606?
False
Does 117 divide 139464?
True
Is 3338496 a multiple of 46?
True
Does 46 divide 124844?
True
Does 723 divide 848711?
False
Does 17 divide 2465?
True
Is 11 a factor of 642048?
True
Is 1181 a multiple of 15?
False
Does 102 divide 68475?
False
Is 384182 a multiple of 3?
False
Does 64 divide 2380224?
True
Is 554 a factor of 7399411?
False
Is 10943245 a multiple of 30?
False
Does 18 divide 187164?
True
Does 14 divide 3160850?
True
Does 753 divide 658122?
True
Is 11843123 a multiple of 373?
True
Is 18418464 a multiple of 32?
True
Is 678 a factor of 8531987?
False
Is 5 a factor of 55444?
False
Is 3676156 a multiple of 404?
False
Does 809 divide 1969915?
True
Is 21 a factor of 3024000?
True
Does 5 divide 3556885?
True
Is 43 a factor of 23902?
False
Is 4909788 a multiple of 1521?
True
Is 460 a factor of 80338?
False
Is 90871 a multiple of 751?
True
Does 253 divide 1005082?
False
Is 745 a factor of 581100?
True
Is 74756 a multiple of 11?
True
Is 8 a factor of 866370?
False
Is 73541 a multiple of 2?
False
Does 13